{"id":792,"date":"2016-08-18T15:49:34","date_gmt":"2016-08-18T18:49:34","guid":{"rendered":"http:\/\/lacca.org.br\/site\/?page_id=792"},"modified":"2025-10-17T12:58:27","modified_gmt":"2025-10-17T15:58:27","slug":"noticias-e-eventos","status":"publish","type":"page","link":"https:\/\/www.lacca.org.br\/site\/noticias-e-eventos\/","title":{"rendered":"Not\u00edcias e Eventos"},"content":{"rendered":"\t\t<div data-elementor-type=\"wp-page\" data-elementor-id=\"792\" class=\"elementor elementor-792\" data-elementor-post-type=\"page\">\n\t\t\t\t<div class=\"elementor-element elementor-element-328b667 e-con-full e-flex e-con e-parent\" data-id=\"328b667\" data-element_type=\"container\" data-settings=\"{&quot;background_background&quot;:&quot;classic&quot;,&quot;sticky&quot;:&quot;top&quot;,&quot;sticky_on&quot;:[&quot;desktop&quot;,&quot;tablet&quot;,&quot;mobile&quot;],&quot;sticky_offset&quot;:0,&quot;sticky_effects_offset&quot;:0,&quot;sticky_anchor_link_offset&quot;:0}\">\n\t\t\t\t<div class=\"elementor-element elementor-element-777dfe8 elementor-widget elementor-widget-theme-site-logo elementor-widget-image\" data-id=\"777dfe8\" data-element_type=\"widget\" data-widget_type=\"theme-site-logo.default\">\n\t\t\t\t\t\t\t\t\t\t\t<a href=\"https:\/\/www.lacca.org.br\/site\">\n\t\t\t<img decoding=\"async\" width=\"310\" height=\"110\" src=\"https:\/\/www.lacca.org.br\/site\/wp-content\/uploads\/2016\/07\/logo.png\" class=\"attachment-full size-full wp-image-485\" alt=\"\" srcset=\"https:\/\/www.lacca.org.br\/site\/wp-content\/uploads\/2016\/07\/logo.png 310w, https:\/\/www.lacca.org.br\/site\/wp-content\/uploads\/2016\/07\/logo-300x106.png 300w\" sizes=\"(max-width: 310px) 100vw, 310px\" \/>\t\t\t\t<\/a>\n\t\t\t\t\t\t\t\t\t\t\t<\/div>\n\t\t\t\t<div class=\"elementor-element elementor-element-1d4a50b elementor-nav-menu--stretch elementor-nav-menu--dropdown-mobile elementor-nav-menu__align-center elementor-widget__width-initial elementor-nav-menu__text-align-aside elementor-nav-menu--toggle elementor-nav-menu--burger elementor-widget elementor-widget-nav-menu\" data-id=\"1d4a50b\" data-element_type=\"widget\" data-settings=\"{&quot;full_width&quot;:&quot;stretch&quot;,&quot;layout&quot;:&quot;horizontal&quot;,&quot;submenu_icon&quot;:{&quot;value&quot;:&quot;&lt;svg class=\\&quot;e-font-icon-svg e-fas-caret-down\\&quot; viewBox=\\&quot;0 0 320 512\\&quot; xmlns=\\&quot;http:\\\/\\\/www.w3.org\\\/2000\\\/svg\\&quot;&gt;&lt;path d=\\&quot;M31.3 192h257.3c17.8 0 26.7 21.5 14.1 34.1L174.1 354.8c-7.8 7.8-20.5 7.8-28.3 0L17.2 226.1C4.6 213.5 13.5 192 31.3 192z\\&quot;&gt;&lt;\\\/path&gt;&lt;\\\/svg&gt;&quot;,&quot;library&quot;:&quot;fa-solid&quot;},&quot;toggle&quot;:&quot;burger&quot;}\" data-widget_type=\"nav-menu.default\">\n\t\t\t\t\t\t\t\t<nav aria-label=\"Menu\" class=\"elementor-nav-menu--main elementor-nav-menu__container elementor-nav-menu--layout-horizontal e--pointer-none\">\n\t\t\t\t<ul id=\"menu-1-1d4a50b\" class=\"elementor-nav-menu\"><li class=\"menu-item menu-item-type-post_type menu-item-object-page menu-item-home menu-item-1753\"><a href=\"https:\/\/www.lacca.org.br\/site\/\" class=\"elementor-item\">Home<\/a><\/li>\n<li class=\"menu-item menu-item-type-post_type menu-item-object-page menu-item-has-children menu-item-623\"><a href=\"https:\/\/www.lacca.org.br\/site\/a-lacca\/\" class=\"elementor-item\">A Lacca<\/a>\n<ul class=\"sub-menu elementor-nav-menu--dropdown\">\n\t<li class=\"menu-item menu-item-type-post_type menu-item-object-page menu-item-626\"><a href=\"https:\/\/www.lacca.org.br\/site\/a-lacca\/\" class=\"elementor-sub-item\">Quem Somos<\/a><\/li>\n\t<li class=\"menu-item menu-item-type-post_type menu-item-object-page menu-item-1468\"><a href=\"https:\/\/www.lacca.org.br\/site\/atendimentos\/\" class=\"elementor-sub-item\">Atendimentos<\/a><\/li>\n\t<li class=\"menu-item menu-item-type-post_type menu-item-object-page menu-item-664\"><a href=\"https:\/\/www.lacca.org.br\/site\/projetos\/\" class=\"elementor-sub-item\">Projetos e Campanhas<\/a><\/li>\n<\/ul>\n<\/li>\n<li class=\"menu-item menu-item-type-custom menu-item-object-custom menu-item-has-children menu-item-646\"><a href=\"#\" class=\"elementor-item elementor-item-anchor\">O C\u00e2ncer<\/a>\n<ul class=\"sub-menu elementor-nav-menu--dropdown\">\n\t<li class=\"menu-item menu-item-type-post_type menu-item-object-page menu-item-1536\"><a href=\"https:\/\/www.lacca.org.br\/site\/artigos\/\" class=\"elementor-sub-item\">Artigos<\/a><\/li>\n\t<li class=\"menu-item menu-item-type-post_type menu-item-object-page menu-item-631\"><a href=\"https:\/\/www.lacca.org.br\/site\/duvidas\/\" class=\"elementor-sub-item\">D\u00favidas<\/a><\/li>\n<\/ul>\n<\/li>\n<li class=\"menu-item menu-item-type-post_type menu-item-object-page menu-item-1951\"><a href=\"https:\/\/www.lacca.org.br\/site\/noticias-e-eventos\/\" class=\"elementor-item\">Not\u00edcias e Eventos<\/a><\/li>\n<\/ul>\t\t\t<\/nav>\n\t\t\t\t\t<div class=\"elementor-menu-toggle\" role=\"button\" tabindex=\"0\" aria-label=\"Menu Toggle\" aria-expanded=\"false\">\n\t\t\t<svg aria-hidden=\"true\" role=\"presentation\" class=\"elementor-menu-toggle__icon--open e-font-icon-svg e-eicon-menu-bar\" viewBox=\"0 0 1000 1000\" xmlns=\"http:\/\/www.w3.org\/2000\/svg\"><path d=\"M104 333H896C929 333 958 304 958 271S929 208 896 208H104C71 208 42 237 42 271S71 333 104 333ZM104 583H896C929 583 958 554 958 521S929 458 896 458H104C71 458 42 487 42 521S71 583 104 583ZM104 833H896C929 833 958 804 958 771S929 708 896 708H104C71 708 42 737 42 771S71 833 104 833Z\"><\/path><\/svg><svg aria-hidden=\"true\" role=\"presentation\" class=\"elementor-menu-toggle__icon--close e-font-icon-svg e-eicon-close\" viewBox=\"0 0 1000 1000\" xmlns=\"http:\/\/www.w3.org\/2000\/svg\"><path d=\"M742 167L500 408 258 167C246 154 233 150 217 150 196 150 179 158 167 167 154 179 150 196 150 212 150 229 154 242 171 254L408 500 167 742C138 771 138 800 167 829 196 858 225 858 254 829L496 587 738 829C750 842 767 846 783 846 800 846 817 842 829 829 842 817 846 804 846 783 846 767 842 750 829 737L588 500 833 258C863 229 863 200 833 171 804 137 775 137 742 167Z\"><\/path><\/svg>\t\t<\/div>\n\t\t\t\t\t<nav class=\"elementor-nav-menu--dropdown elementor-nav-menu__container\" aria-hidden=\"true\">\n\t\t\t\t<ul id=\"menu-2-1d4a50b\" class=\"elementor-nav-menu\"><li class=\"menu-item menu-item-type-post_type menu-item-object-page menu-item-home menu-item-1753\"><a href=\"https:\/\/www.lacca.org.br\/site\/\" class=\"elementor-item\" tabindex=\"-1\">Home<\/a><\/li>\n<li class=\"menu-item menu-item-type-post_type menu-item-object-page menu-item-has-children menu-item-623\"><a href=\"https:\/\/www.lacca.org.br\/site\/a-lacca\/\" class=\"elementor-item\" tabindex=\"-1\">A Lacca<\/a>\n<ul class=\"sub-menu elementor-nav-menu--dropdown\">\n\t<li class=\"menu-item menu-item-type-post_type menu-item-object-page menu-item-626\"><a href=\"https:\/\/www.lacca.org.br\/site\/a-lacca\/\" class=\"elementor-sub-item\" tabindex=\"-1\">Quem Somos<\/a><\/li>\n\t<li class=\"menu-item menu-item-type-post_type menu-item-object-page menu-item-1468\"><a href=\"https:\/\/www.lacca.org.br\/site\/atendimentos\/\" class=\"elementor-sub-item\" tabindex=\"-1\">Atendimentos<\/a><\/li>\n\t<li class=\"menu-item menu-item-type-post_type menu-item-object-page menu-item-664\"><a href=\"https:\/\/www.lacca.org.br\/site\/projetos\/\" class=\"elementor-sub-item\" tabindex=\"-1\">Projetos e Campanhas<\/a><\/li>\n<\/ul>\n<\/li>\n<li class=\"menu-item menu-item-type-custom menu-item-object-custom menu-item-has-children menu-item-646\"><a href=\"#\" class=\"elementor-item elementor-item-anchor\" tabindex=\"-1\">O C\u00e2ncer<\/a>\n<ul class=\"sub-menu elementor-nav-menu--dropdown\">\n\t<li class=\"menu-item menu-item-type-post_type menu-item-object-page menu-item-1536\"><a href=\"https:\/\/www.lacca.org.br\/site\/artigos\/\" class=\"elementor-sub-item\" tabindex=\"-1\">Artigos<\/a><\/li>\n\t<li class=\"menu-item menu-item-type-post_type menu-item-object-page menu-item-631\"><a href=\"https:\/\/www.lacca.org.br\/site\/duvidas\/\" class=\"elementor-sub-item\" tabindex=\"-1\">D\u00favidas<\/a><\/li>\n<\/ul>\n<\/li>\n<li class=\"menu-item menu-item-type-post_type menu-item-object-page menu-item-1951\"><a href=\"https:\/\/www.lacca.org.br\/site\/noticias-e-eventos\/\" class=\"elementor-item\" tabindex=\"-1\">Not\u00edcias e Eventos<\/a><\/li>\n<\/ul>\t\t\t<\/nav>\n\t\t\t\t\t\t<\/div>\n\t\t\t\t<div class=\"elementor-element elementor-element-75cd523 elementor-align-right elementor-widget elementor-widget-button\" data-id=\"75cd523\" data-element_type=\"widget\" data-widget_type=\"button.default\">\n\t\t\t\t\t\t\t\t\t\t<a class=\"elementor-button elementor-button-link elementor-size-md\" href=\"\">\n\t\t\t\t\t\t<span class=\"elementor-button-content-wrapper\">\n\t\t\t\t\t\t<span class=\"elementor-button-icon\">\n\t\t\t\t<svg aria-hidden=\"true\" class=\"e-font-icon-svg e-fas-hand-holding-heart\" viewBox=\"0 0 576 512\" xmlns=\"http:\/\/www.w3.org\/2000\/svg\"><path d=\"M275.3 250.5c7 7.4 18.4 7.4 25.5 0l108.9-114.2c31.6-33.2 29.8-88.2-5.6-118.8-30.8-26.7-76.7-21.9-104.9 7.7L288 36.9l-11.1-11.6C248.7-4.4 202.8-9.2 172 17.5c-35.3 30.6-37.2 85.6-5.6 118.8l108.9 114.2zm290 77.6c-11.8-10.7-30.2-10-42.6 0L430.3 402c-11.3 9.1-25.4 14-40 14H272c-8.8 0-16-7.2-16-16s7.2-16 16-16h78.3c15.9 0 30.7-10.9 33.3-26.6 3.3-20-12.1-37.4-31.6-37.4H192c-27 0-53.1 9.3-74.1 26.3L71.4 384H16c-8.8 0-16 7.2-16 16v96c0 8.8 7.2 16 16 16h356.8c14.5 0 28.6-4.9 40-14L564 377c15.2-12.1 16.4-35.3 1.3-48.9z\"><\/path><\/svg>\t\t\t<\/span>\n\t\t\t\t\t\t\t\t\t<span class=\"elementor-button-text\">DOE AGORA<\/span>\n\t\t\t\t\t<\/span>\n\t\t\t\t\t<\/a>\n\t\t\t\t\t\t\t\t<\/div>\n\t\t\t\t<\/div>\n\t\t<div class=\"elementor-element elementor-element-4f9364d e-flex e-con-boxed e-con e-parent\" data-id=\"4f9364d\" data-element_type=\"container\">\n\t\t\t\t\t<div class=\"e-con-inner\">\n\t\t\t\t<div class=\"elementor-element elementor-element-c07d7f1 elementor-grid-3 elementor-grid-tablet-2 elementor-grid-mobile-1 elementor-posts--thumbnail-top elementor-card-shadow-yes elementor-posts__hover-gradient elementor-widget elementor-widget-posts\" data-id=\"c07d7f1\" data-element_type=\"widget\" data-settings=\"{&quot;pagination_type&quot;:&quot;numbers&quot;,&quot;cards_columns&quot;:&quot;3&quot;,&quot;cards_columns_tablet&quot;:&quot;2&quot;,&quot;cards_columns_mobile&quot;:&quot;1&quot;,&quot;cards_row_gap&quot;:{&quot;unit&quot;:&quot;px&quot;,&quot;size&quot;:35,&quot;sizes&quot;:[]},&quot;cards_row_gap_tablet&quot;:{&quot;unit&quot;:&quot;px&quot;,&quot;size&quot;:&quot;&quot;,&quot;sizes&quot;:[]},&quot;cards_row_gap_mobile&quot;:{&quot;unit&quot;:&quot;px&quot;,&quot;size&quot;:&quot;&quot;,&quot;sizes&quot;:[]}}\" data-widget_type=\"posts.cards\">\n\t\t\t\t<div class=\"elementor-widget-container\">\n\t\t\t\t\t\t\t<div class=\"elementor-posts-container elementor-posts elementor-posts--skin-cards elementor-grid\">\n\t\t\t\t<article class=\"elementor-post elementor-grid-item post-1571 post type-post status-publish format-standard has-post-thumbnail hentry category-noticias-e-eventos\">\n\t\t\t<div class=\"elementor-post__card\">\n\t\t\t\t<a class=\"elementor-post__thumbnail__link\" href=\"https:\/\/www.lacca.org.br\/site\/mc-dia-feliz-2017\/\" tabindex=\"-1\" ><div class=\"elementor-post__thumbnail\"><img fetchpriority=\"high\" decoding=\"async\" width=\"300\" height=\"244\" src=\"https:\/\/www.lacca.org.br\/site\/wp-content\/uploads\/2017\/08\/obrigado-mc-dia-feliz-2017-300x244.jpg\" class=\"attachment-medium size-medium wp-image-1572\" alt=\"\" srcset=\"https:\/\/www.lacca.org.br\/site\/wp-content\/uploads\/2017\/08\/obrigado-mc-dia-feliz-2017-300x244.jpg 300w, https:\/\/www.lacca.org.br\/site\/wp-content\/uploads\/2017\/08\/obrigado-mc-dia-feliz-2017-150x122.jpg 150w, https:\/\/www.lacca.org.br\/site\/wp-content\/uploads\/2017\/08\/obrigado-mc-dia-feliz-2017-768x625.jpg 768w, https:\/\/www.lacca.org.br\/site\/wp-content\/uploads\/2017\/08\/obrigado-mc-dia-feliz-2017.jpg 800w\" sizes=\"(max-width: 300px) 100vw, 300px\" \/><\/div><\/a>\n\t\t\t\t<div class=\"elementor-post__badge\">Not\u00edcias e Eventos<\/div>\n\t\t\t\t<div class=\"elementor-post__text\">\n\t\t\t\t<h3 class=\"elementor-post__title\">\n\t\t\t<a href=\"https:\/\/www.lacca.org.br\/site\/mc-dia-feliz-2017\/\" >\n\t\t\t\tMc Dia Feliz 2017\t\t\t<\/a>\n\t\t<\/h3>\n\t\t\n\t\t<a class=\"elementor-post__read-more\" href=\"https:\/\/www.lacca.org.br\/site\/mc-dia-feliz-2017\/\" aria-label=\"Read more about Mc Dia Feliz 2017\" tabindex=\"-1\" >\n\t\t\tVeja completo\t\t<\/a>\n\n\t\t\t\t<\/div>\n\t\t\t\t\t<\/div>\n\t\t<\/article>\n\t\t\t\t<article class=\"elementor-post elementor-grid-item post-1509 post type-post status-publish format-standard has-post-thumbnail hentry category-noticias-e-eventos\">\n\t\t\t<div class=\"elementor-post__card\">\n\t\t\t\t<a class=\"elementor-post__thumbnail__link\" href=\"https:\/\/www.lacca.org.br\/site\/dia-internacional-da-mulher\/\" tabindex=\"-1\" ><div class=\"elementor-post__thumbnail\"><img decoding=\"async\" width=\"300\" height=\"225\" src=\"https:\/\/www.lacca.org.br\/site\/wp-content\/uploads\/2017\/03\/dia-internacional-mulher-7-300x225.jpg\" class=\"attachment-medium size-medium wp-image-1519\" alt=\"\" srcset=\"https:\/\/www.lacca.org.br\/site\/wp-content\/uploads\/2017\/03\/dia-internacional-mulher-7-300x225.jpg 300w, https:\/\/www.lacca.org.br\/site\/wp-content\/uploads\/2017\/03\/dia-internacional-mulher-7-150x113.jpg 150w, https:\/\/www.lacca.org.br\/site\/wp-content\/uploads\/2017\/03\/dia-internacional-mulher-7-768x576.jpg 768w, https:\/\/www.lacca.org.br\/site\/wp-content\/uploads\/2017\/03\/dia-internacional-mulher-7.jpg 800w\" sizes=\"(max-width: 300px) 100vw, 300px\" \/><\/div><\/a>\n\t\t\t\t<div class=\"elementor-post__badge\">Not\u00edcias e Eventos<\/div>\n\t\t\t\t<div class=\"elementor-post__text\">\n\t\t\t\t<h3 class=\"elementor-post__title\">\n\t\t\t<a href=\"https:\/\/www.lacca.org.br\/site\/dia-internacional-da-mulher\/\" >\n\t\t\t\tDia Internacional da Mulher\t\t\t<\/a>\n\t\t<\/h3>\n\t\t\n\t\t<a class=\"elementor-post__read-more\" href=\"https:\/\/www.lacca.org.br\/site\/dia-internacional-da-mulher\/\" aria-label=\"Read more about Dia Internacional da Mulher\" tabindex=\"-1\" >\n\t\t\tVeja completo\t\t<\/a>\n\n\t\t\t\t<\/div>\n\t\t\t\t\t<\/div>\n\t\t<\/article>\n\t\t\t\t<article class=\"elementor-post elementor-grid-item post-1294 post type-post status-publish format-standard has-post-thumbnail hentry category-noticias-e-eventos\">\n\t\t\t<div class=\"elementor-post__card\">\n\t\t\t\t<a class=\"elementor-post__thumbnail__link\" href=\"https:\/\/www.lacca.org.br\/site\/festa-de-natal-lacca-2016\/\" tabindex=\"-1\" ><div class=\"elementor-post__thumbnail\"><img loading=\"lazy\" decoding=\"async\" width=\"300\" height=\"225\" src=\"https:\/\/www.lacca.org.br\/site\/wp-content\/uploads\/2017\/01\/natal-16-13-300x225.jpg\" class=\"attachment-medium size-medium wp-image-1308\" alt=\"\" srcset=\"https:\/\/www.lacca.org.br\/site\/wp-content\/uploads\/2017\/01\/natal-16-13-300x225.jpg 300w, https:\/\/www.lacca.org.br\/site\/wp-content\/uploads\/2017\/01\/natal-16-13-768x576.jpg 768w, https:\/\/www.lacca.org.br\/site\/wp-content\/uploads\/2017\/01\/natal-16-13.jpg 800w\" sizes=\"(max-width: 300px) 100vw, 300px\" \/><\/div><\/a>\n\t\t\t\t<div class=\"elementor-post__badge\">Not\u00edcias e Eventos<\/div>\n\t\t\t\t<div class=\"elementor-post__text\">\n\t\t\t\t<h3 class=\"elementor-post__title\">\n\t\t\t<a href=\"https:\/\/www.lacca.org.br\/site\/festa-de-natal-lacca-2016\/\" >\n\t\t\t\tFesta de Natal LACCA 2016\t\t\t<\/a>\n\t\t<\/h3>\n\t\t\n\t\t<a class=\"elementor-post__read-more\" href=\"https:\/\/www.lacca.org.br\/site\/festa-de-natal-lacca-2016\/\" aria-label=\"Read more about Festa de Natal LACCA 2016\" tabindex=\"-1\" >\n\t\t\tVeja completo\t\t<\/a>\n\n\t\t\t\t<\/div>\n\t\t\t\t\t<\/div>\n\t\t<\/article>\n\t\t\t\t<article class=\"elementor-post elementor-grid-item post-1251 post type-post status-publish format-standard has-post-thumbnail hentry category-noticias-e-eventos\">\n\t\t\t<div class=\"elementor-post__card\">\n\t\t\t\t<a class=\"elementor-post__thumbnail__link\" href=\"https:\/\/www.lacca.org.br\/site\/apresentacao-nucleo-de-danca-renata-pestana\/\" tabindex=\"-1\" ><div class=\"elementor-post__thumbnail\"><img loading=\"lazy\" decoding=\"async\" width=\"300\" height=\"225\" src=\"https:\/\/www.lacca.org.br\/site\/wp-content\/uploads\/2016\/12\/apresentacao-nucleo-danca-renata-pestana-9-300x225.jpg\" class=\"attachment-medium size-medium wp-image-1291\" alt=\"\" srcset=\"https:\/\/www.lacca.org.br\/site\/wp-content\/uploads\/2016\/12\/apresentacao-nucleo-danca-renata-pestana-9-300x225.jpg 300w, https:\/\/www.lacca.org.br\/site\/wp-content\/uploads\/2016\/12\/apresentacao-nucleo-danca-renata-pestana-9-768x576.jpg 768w, https:\/\/www.lacca.org.br\/site\/wp-content\/uploads\/2016\/12\/apresentacao-nucleo-danca-renata-pestana-9.jpg 800w\" sizes=\"(max-width: 300px) 100vw, 300px\" \/><\/div><\/a>\n\t\t\t\t<div class=\"elementor-post__badge\">Not\u00edcias e Eventos<\/div>\n\t\t\t\t<div class=\"elementor-post__text\">\n\t\t\t\t<h3 class=\"elementor-post__title\">\n\t\t\t<a href=\"https:\/\/www.lacca.org.br\/site\/apresentacao-nucleo-de-danca-renata-pestana\/\" >\n\t\t\t\tApresenta\u00e7\u00e3o N\u00facleo de Dan\u00e7a Renata Pestana\t\t\t<\/a>\n\t\t<\/h3>\n\t\t\n\t\t<a class=\"elementor-post__read-more\" href=\"https:\/\/www.lacca.org.br\/site\/apresentacao-nucleo-de-danca-renata-pestana\/\" aria-label=\"Read more about Apresenta\u00e7\u00e3o N\u00facleo de Dan\u00e7a Renata Pestana\" tabindex=\"-1\" >\n\t\t\tVeja completo\t\t<\/a>\n\n\t\t\t\t<\/div>\n\t\t\t\t\t<\/div>\n\t\t<\/article>\n\t\t\t\t<article class=\"elementor-post elementor-grid-item post-1230 post type-post status-publish format-standard has-post-thumbnail hentry category-noticias-e-eventos\">\n\t\t\t<div class=\"elementor-post__card\">\n\t\t\t\t<a class=\"elementor-post__thumbnail__link\" href=\"https:\/\/www.lacca.org.br\/site\/profissionais-da-saude-recebem-capacitacao-pelo-programa-diagnostico-precoce\/\" tabindex=\"-1\" ><div class=\"elementor-post__thumbnail\"><img loading=\"lazy\" decoding=\"async\" width=\"300\" height=\"205\" src=\"https:\/\/www.lacca.org.br\/site\/wp-content\/uploads\/2016\/12\/foto-01-300x205.jpg\" class=\"attachment-medium size-medium wp-image-1231\" alt=\"\" srcset=\"https:\/\/www.lacca.org.br\/site\/wp-content\/uploads\/2016\/12\/foto-01-300x205.jpg 300w, https:\/\/www.lacca.org.br\/site\/wp-content\/uploads\/2016\/12\/foto-01.jpg 400w\" sizes=\"(max-width: 300px) 100vw, 300px\" \/><\/div><\/a>\n\t\t\t\t<div class=\"elementor-post__badge\">Not\u00edcias e Eventos<\/div>\n\t\t\t\t<div class=\"elementor-post__text\">\n\t\t\t\t<h3 class=\"elementor-post__title\">\n\t\t\t<a href=\"https:\/\/www.lacca.org.br\/site\/profissionais-da-saude-recebem-capacitacao-pelo-programa-diagnostico-precoce\/\" >\n\t\t\t\tProfissionais da Sa\u00fade recebem capacita\u00e7\u00e3o pelo Programa Diagn\u00f3stico Precoce\t\t\t<\/a>\n\t\t<\/h3>\n\t\t\n\t\t<a class=\"elementor-post__read-more\" href=\"https:\/\/www.lacca.org.br\/site\/profissionais-da-saude-recebem-capacitacao-pelo-programa-diagnostico-precoce\/\" aria-label=\"Read more about Profissionais da Sa\u00fade recebem capacita\u00e7\u00e3o pelo Programa Diagn\u00f3stico Precoce\" tabindex=\"-1\" >\n\t\t\tVeja completo\t\t<\/a>\n\n\t\t\t\t<\/div>\n\t\t\t\t\t<\/div>\n\t\t<\/article>\n\t\t\t\t<article class=\"elementor-post elementor-grid-item post-1073 post type-post status-publish format-standard has-post-thumbnail hentry category-noticias-e-eventos\">\n\t\t\t<div class=\"elementor-post__card\">\n\t\t\t\t<a class=\"elementor-post__thumbnail__link\" href=\"https:\/\/www.lacca.org.br\/site\/mcdia-feliz-2016\/\" tabindex=\"-1\" ><div class=\"elementor-post__thumbnail\"><img loading=\"lazy\" decoding=\"async\" width=\"300\" height=\"225\" src=\"https:\/\/www.lacca.org.br\/site\/wp-content\/uploads\/2016\/10\/mc-dia-feliz-2016-80-300x225.jpg\" class=\"attachment-medium size-medium wp-image-1186\" alt=\"\" srcset=\"https:\/\/www.lacca.org.br\/site\/wp-content\/uploads\/2016\/10\/mc-dia-feliz-2016-80-300x225.jpg 300w, https:\/\/www.lacca.org.br\/site\/wp-content\/uploads\/2016\/10\/mc-dia-feliz-2016-80-768x576.jpg 768w, https:\/\/www.lacca.org.br\/site\/wp-content\/uploads\/2016\/10\/mc-dia-feliz-2016-80.jpg 960w\" sizes=\"(max-width: 300px) 100vw, 300px\" \/><\/div><\/a>\n\t\t\t\t<div class=\"elementor-post__badge\">Not\u00edcias e Eventos<\/div>\n\t\t\t\t<div class=\"elementor-post__text\">\n\t\t\t\t<h3 class=\"elementor-post__title\">\n\t\t\t<a href=\"https:\/\/www.lacca.org.br\/site\/mcdia-feliz-2016\/\" >\n\t\t\t\tMcDia Feliz 2016\t\t\t<\/a>\n\t\t<\/h3>\n\t\t\n\t\t<a class=\"elementor-post__read-more\" href=\"https:\/\/www.lacca.org.br\/site\/mcdia-feliz-2016\/\" aria-label=\"Read more about McDia Feliz 2016\" tabindex=\"-1\" >\n\t\t\tVeja completo\t\t<\/a>\n\n\t\t\t\t<\/div>\n\t\t\t\t\t<\/div>\n\t\t<\/article>\n\t\t\t\t<article class=\"elementor-post elementor-grid-item post-1038 post type-post status-publish format-standard has-post-thumbnail hentry category-noticias-e-eventos\">\n\t\t\t<div class=\"elementor-post__card\">\n\t\t\t\t<a class=\"elementor-post__thumbnail__link\" href=\"https:\/\/www.lacca.org.br\/site\/lancamento-do-mcdia-feliz-2016-araraquara\/\" tabindex=\"-1\" ><div class=\"elementor-post__thumbnail\"><img loading=\"lazy\" decoding=\"async\" width=\"300\" height=\"225\" src=\"https:\/\/www.lacca.org.br\/site\/wp-content\/uploads\/2016\/10\/lanca-mc-dia-feliz-29-300x225.png\" class=\"attachment-medium size-medium wp-image-1049\" alt=\"\" srcset=\"https:\/\/www.lacca.org.br\/site\/wp-content\/uploads\/2016\/10\/lanca-mc-dia-feliz-29-300x225.png 300w, https:\/\/www.lacca.org.br\/site\/wp-content\/uploads\/2016\/10\/lanca-mc-dia-feliz-29-768x576.png 768w, https:\/\/www.lacca.org.br\/site\/wp-content\/uploads\/2016\/10\/lanca-mc-dia-feliz-29.png 900w\" sizes=\"(max-width: 300px) 100vw, 300px\" \/><\/div><\/a>\n\t\t\t\t<div class=\"elementor-post__badge\">Not\u00edcias e Eventos<\/div>\n\t\t\t\t<div class=\"elementor-post__text\">\n\t\t\t\t<h3 class=\"elementor-post__title\">\n\t\t\t<a href=\"https:\/\/www.lacca.org.br\/site\/lancamento-do-mcdia-feliz-2016-araraquara\/\" >\n\t\t\t\tLan\u00e7amento do McDia Feliz 2016 Araraquara\t\t\t<\/a>\n\t\t<\/h3>\n\t\t\n\t\t<a class=\"elementor-post__read-more\" href=\"https:\/\/www.lacca.org.br\/site\/lancamento-do-mcdia-feliz-2016-araraquara\/\" aria-label=\"Read more about Lan\u00e7amento do McDia Feliz 2016 Araraquara\" tabindex=\"-1\" >\n\t\t\tVeja completo\t\t<\/a>\n\n\t\t\t\t<\/div>\n\t\t\t\t\t<\/div>\n\t\t<\/article>\n\t\t\t\t<article class=\"elementor-post elementor-grid-item post-1000 post type-post status-publish format-standard has-post-thumbnail hentry category-noticias-e-eventos\">\n\t\t\t<div class=\"elementor-post__card\">\n\t\t\t\t<a class=\"elementor-post__thumbnail__link\" href=\"https:\/\/www.lacca.org.br\/site\/curso-de-fotografia-da-lacca\/\" tabindex=\"-1\" ><div class=\"elementor-post__thumbnail\"><img loading=\"lazy\" decoding=\"async\" width=\"300\" height=\"200\" src=\"https:\/\/www.lacca.org.br\/site\/wp-content\/uploads\/2016\/10\/curso-fotografia-30-300x200.jpg\" class=\"attachment-medium size-medium wp-image-1021\" alt=\"\" srcset=\"https:\/\/www.lacca.org.br\/site\/wp-content\/uploads\/2016\/10\/curso-fotografia-30-300x200.jpg 300w, https:\/\/www.lacca.org.br\/site\/wp-content\/uploads\/2016\/10\/curso-fotografia-30-768x512.jpg 768w, https:\/\/www.lacca.org.br\/site\/wp-content\/uploads\/2016\/10\/curso-fotografia-30-1024x683.jpg 1024w, https:\/\/www.lacca.org.br\/site\/wp-content\/uploads\/2016\/10\/curso-fotografia-30.jpg 1500w\" sizes=\"(max-width: 300px) 100vw, 300px\" \/><\/div><\/a>\n\t\t\t\t<div class=\"elementor-post__badge\">Not\u00edcias e Eventos<\/div>\n\t\t\t\t<div class=\"elementor-post__text\">\n\t\t\t\t<h3 class=\"elementor-post__title\">\n\t\t\t<a href=\"https:\/\/www.lacca.org.br\/site\/curso-de-fotografia-da-lacca\/\" >\n\t\t\t\tCurso de Fotografia da Lacca\t\t\t<\/a>\n\t\t<\/h3>\n\t\t\n\t\t<a class=\"elementor-post__read-more\" href=\"https:\/\/www.lacca.org.br\/site\/curso-de-fotografia-da-lacca\/\" aria-label=\"Read more about Curso de Fotografia da Lacca\" tabindex=\"-1\" >\n\t\t\tVeja completo\t\t<\/a>\n\n\t\t\t\t<\/div>\n\t\t\t\t\t<\/div>\n\t\t<\/article>\n\t\t\t\t<article class=\"elementor-post elementor-grid-item post-805 post type-post status-publish format-standard has-post-thumbnail hentry category-noticias-e-eventos\">\n\t\t\t<div class=\"elementor-post__card\">\n\t\t\t\t<a class=\"elementor-post__thumbnail__link\" href=\"https:\/\/www.lacca.org.br\/site\/atividade-dia-da-mulher\/\" tabindex=\"-1\" ><div class=\"elementor-post__thumbnail\"><img loading=\"lazy\" decoding=\"async\" width=\"300\" height=\"225\" src=\"https:\/\/www.lacca.org.br\/site\/wp-content\/uploads\/2016\/08\/23-300x225.jpg\" class=\"attachment-medium size-medium wp-image-881\" alt=\"\" srcset=\"https:\/\/www.lacca.org.br\/site\/wp-content\/uploads\/2016\/08\/23-300x225.jpg 300w, https:\/\/www.lacca.org.br\/site\/wp-content\/uploads\/2016\/08\/23-768x576.jpg 768w, https:\/\/www.lacca.org.br\/site\/wp-content\/uploads\/2016\/08\/23.jpg 800w\" sizes=\"(max-width: 300px) 100vw, 300px\" \/><\/div><\/a>\n\t\t\t\t<div class=\"elementor-post__badge\">Not\u00edcias e Eventos<\/div>\n\t\t\t\t<div class=\"elementor-post__text\">\n\t\t\t\t<h3 class=\"elementor-post__title\">\n\t\t\t<a href=\"https:\/\/www.lacca.org.br\/site\/atividade-dia-da-mulher\/\" >\n\t\t\t\tAtividade dia da mulher\t\t\t<\/a>\n\t\t<\/h3>\n\t\t\n\t\t<a class=\"elementor-post__read-more\" href=\"https:\/\/www.lacca.org.br\/site\/atividade-dia-da-mulher\/\" aria-label=\"Read more about Atividade dia da mulher\" tabindex=\"-1\" >\n\t\t\tVeja completo\t\t<\/a>\n\n\t\t\t\t<\/div>\n\t\t\t\t\t<\/div>\n\t\t<\/article>\n\t\t\t\t<\/div>\n\t\t\n\t\t\t\t\t\t<\/div>\n\t\t\t\t<\/div>\n\t\t\t\t\t<\/div>\n\t\t\t\t<\/div>\n\t\t\t\t<\/div>\n\t\t","protected":false},"excerpt":{"rendered":"<p>DOE AGORA<\/p>\n","protected":false},"author":2,"featured_media":0,"parent":0,"menu_order":0,"comment_status":"closed","ping_status":"closed","template":"elementor_canvas","meta":{"_joinchat":[],"footnotes":""},"class_list":["post-792","page","type-page","status-publish","hentry"],"_links":{"self":[{"href":"https:\/\/www.lacca.org.br\/site\/wp-json\/wp\/v2\/pages\/792","targetHints":{"allow":["GET"]}}],"collection":[{"href":"https:\/\/www.lacca.org.br\/site\/wp-json\/wp\/v2\/pages"}],"about":[{"href":"https:\/\/www.lacca.org.br\/site\/wp-json\/wp\/v2\/types\/page"}],"author":[{"embeddable":true,"href":"https:\/\/www.lacca.org.br\/site\/wp-json\/wp\/v2\/users\/2"}],"replies":[{"embeddable":true,"href":"https:\/\/www.lacca.org.br\/site\/wp-json\/wp\/v2\/comments?post=792"}],"version-history":[{"count":15,"href":"https:\/\/www.lacca.org.br\/site\/wp-json\/wp\/v2\/pages\/792\/revisions"}],"predecessor-version":[{"id":1957,"href":"https:\/\/www.lacca.org.br\/site\/wp-json\/wp\/v2\/pages\/792\/revisions\/1957"}],"wp:attachment":[{"href":"https:\/\/www.lacca.org.br\/site\/wp-json\/wp\/v2\/media?parent=792"}],"curies":[{"name":"wp","href":"https:\/\/api.w.org\/{rel}","templated":true}]}}